 n be d(2). Suppose -z + 8 = -i + n*i, 0 = -5*z - w*i + 46. What is the remainder when z is divided by 6?
5
Let q(h) = h**3 - 3*h**2 + h + 4. Calculate the remainder when 46 is divided by q(4).
22
Suppose -3*o - 28 = o. Let x(d) = d + 4. Let s be x(o). What is the remainder when 4 is divided by (3 - 0)*(-3)/s?
1
Let o be (-5 - (2 - 3))/2. Let k = 4 - o. What is the remainder when (-87)/(-5) + (-6)/15 is divided by k?
5
Let u be ((-9)/(-3))/3 + -2. What is the remainder when ((-1)/u - 26)/(-1) is divided by 7?
4
Let q(p) = -p**2 - 13*p + 4. What is the remainder when q(-9) is divided by 14?
12
Calculate the remainder when (-2 + 8*-4)/(1/(-2)) is divided by 24.
20
Suppose 5*b - 14 = u, -5*u + 11 = 4*b - 6. Calculate the remainder when 10/15*b*19 is divided by 10.
8
What is the remainder when 3 + 2/((-4)/(-102)) is divided by 14?
12
Suppose 27 = 4*n - 65. Suppose -9 = -5*v - 2*k + 43, 4 = -k. What is the remainder when n is divided by v?
11
Let k(b) = 3*b**2 + 3*b - 2. Let u(n) = -7*n - 2. Let i = 2 + -4. Calculate the remainder when k(3) is divided by u(i).
10
Suppose -11*t = -3*t - 104. Let w(z) = 3*z - 4. Let o be 8*1 - (0 + -1). What is the remainder when w(o) is divided by t?
10
Let s(n) = n. Calculate the remainder when 6 is divided by s(4).
2
Let u be (4 + -5)*(1 + -192). Let c = u + -113. Calculate the remainder when c is divided by 20.
18
Suppose 0 = -c - c + 152. What is the remainder when c is divided by 26?
24
Let b be (-1 + 0)/(3/(-12)). Let p be (3/(-2))/(4/8). Calculate the remainder when (1 + p)*(-6)/b is divided by 2.
1
Suppose -o = v - 8, -2*o - 2*o - 32 = -4*v. Let w be (-1)/2*-2 - -1. Calculate the remainder when ((-7)/4)/(w/(-24)) is divided by v.
5
Let f = -2 - -4. Suppose 0*h + h - 16 = 3*m, -2*m = 3*h + 18. What is the remainder when 0*(-3)/3 - m is divided by f?
0
Let z = 63 - 44. Let c(k) = k**2 - 2*k + 7. Calculate the remainder when c(-6) is divided by z.
17
Let l(q) = 2 - 16 + 6 + 5 + 6*q. Let c = 3 + 0. Calculate the remainder when l(c) is divided by 4.
3
Calculate the remainder when (-531)/(-2)*(-14)/(-21) is divided by 36.
33
Suppose 6 + 14 = 5*u. Suppose -u*c + 228 = 5*k, 2*k + 52 = -5*c + 133. Suppose w = -2*w + k. Calculate the remainder when 47 is divided by w.
15
Suppose -2*b - 29 - 35 = 0. Let u(z) = 5*z - 2. Let h be u(-3). Let i = h - b. What is the remainder when 28 is divided by i?
13
Suppose 2*t - 5 = -a, 2*t - 5*t - 3 = 5*a. Suppose r - 1 = 0, 2*r + 71 = 4*i - 3*r. Let l = i - t. Calculate the remainder when 44 is divided by l.
14
Let s be ((-2)/(-6))/((-1)/(-6)). Suppose -5 = s*i - i. Let p = 5 - i. What is the remainder when p is divided by 6?
4
Suppose -2*x = -x - 11. Let q = -6 + x. Suppose 3*n + j - 87 = -n, 0 = 4*n + q*j - 67. Calculate the remainder when n is divided by 12.
11
Suppose 0 = -0*y - 4*y + 8, 3*h = -2*y + 226. What is the remainder when h is divided by 25?
24
Let p(g) = 5*g + 29. What is the remainder when 17 is divided by p(-4)?
8
Suppose 3*s - 2*v = 3*v + 103, -3*v = -4*s + 119. Calculate the remainder when 74 is divided by s.
22
Suppose c - 392 = -6*c. What is the remainder when c is divided by 20?
16
Let k(g) = 7*g + 9. What is the remainder when k(8) is divided by 17?
14
Suppose -4*c + 58 = h, -3*c - 4*h + 52 = h. Let b = c - 7. Suppose 2 = -3*q + 11. Calculate the remainder when b is divided by q.
1
Let g(c) = c**3 - 8*c**2 + 9*c - 8. Let d(b) = -b**2 - 4*b + 1. What is the remainder when g(7) is divided by d(-3)?
2
Let l = -16 - -22. Suppose -142 = -4*g - l. Let o = g + -2. What is the remainder when o is divided by 17?
15
Let o(m) = 2*m**2 - 2*m + 7. What is the remainder when o(6) is divided by 23?
21
Suppose -b + 6*b + 5*f - 250 = 0, -25 = -5*f. What is the remainder when b is divided by 12?
9
What is the remainder when 78 is divided by (1 + -3 - (-4)/6)*-15?
18
Calculate the remainder when 9/(-6)*-4*7 is divided by 16.
10
What is the remainder when 78 is divided by -1*(0 + 0 + -10)?
8
Let q(a) = -a + 8. Let z be q(5). Let c(h) = h**3 - 3*h**2 + h + 2. Let t be c(z). Let o(w) = 4*w - 5. Calculate the remainder when o(t) is divided by 8.
7
Let j = 25 + -37. Suppose -2 = -l + 2, -3*y = -3*l - 30. What is the remainder when y is divided by -3 + -1 - 1*j?
6
Let y(p) be the third derivative of 13*p**5/60 + p**3/6 + p**2. What is the remainder when 41*(-2 - 6/(-2)) is divided by y(1)?
13
Let n(y) = y - 8. Let i be n(12). Let r be 0 - -1 - (7 - 3). What is the remainder when 62/i*(r - -5) is divided by 11?
9
Suppose -3*d + 7 = -20. What is the remainder when 26 is divided by d?
8
Let g = -5 - -31. Let a(l) = 0*l + 2*l + 6*l**2 - l + 2*l**2. Calculate the remainder when g is divided by a(1).
8
Let a = -224 + 313. What is the remainder when a is divided by 30?
29
Let v(g) = g**2 + 2*g - 1. What is the remainder when v(-4) is divided by 2?
1
Suppose -2*j + 20 = -0*j. Suppose -3 - 9 = 3*a. Calculate the remainder when j is divided by ((-6)/a)/((-3)/(-8)).
2
Let c(y) = -y + 13. Let m be c(10). Let b(s) = m + 4 + 7*s - 6. What is the remainder when b(4) is divided by 15?
14
Let m = 43 - 24. What is the remainder when 150 is divided by m?
17
Calculate the remainder when -10*(12/8 + -2) is divided by 2.
1
Let u(a) = 2*a - 2. Let d be u(7). Suppose -d = -3*z, 5*f - 5*z - 8 - 42 = 0. Let p(x) = -x**2 + 14*x - 7. What is the remainder when p(8) is divided by f?
13
Let o(d) = d - 4. Let l be o(0). Suppose 0 = 3*v - w + 3*w + 14, -4*v + w = 26. Let r = l - v. Calculate the remainder when 5 is divided by r.
1
Let f be (2 + -3)/(1/11). Let u = 18 + f. What is the remainder when u is divided by 4?
3
Suppose -4*u + 9*u - 20 = 0, 4*u = w - 56. Suppose -2*h = h - w. What is the remainder when h is divided by 9?
6
Let m(w) be the first derivative of -w**3/3 + 11*w**2/2 + 3*w - 3. Let d be m(7). Let s = d + 3. Calculate the remainder when s is divided by 12.
10
Suppose 3*v - 8*v + 125 = 5*m, 5*v = -3*m + 71. Suppose -13 - m = -5*q. What is the remainder when q is divided by 1/(-3) - 10/(-3)?
2
Suppose 3*f - 2*u - 33 = u, 3*f = 4*u + 32. Suppose 3 = 3*i - 3, -2*b + 156 = -5*i. Calculate the remainder when b is divided by f.
11
Let k(f) = 6*f**3 - 3 + 1 - 2*f + 1 - 4*f**3 - f**2. What is the remainder when 20 is divided by k(2)?
6
Let w = 59 - 34. Let s(q) = q**2. What is the remainder when w is divided by s(3)?
7
What is the remainder when (89/(-1))/(2 - (3 - 0)) is divided by 23?
20
Let f(r) = r**2 + 4*r + 3. Let a be f(-6). Calculate the remainder when 4/(-10)*(-250)/2 is divided by a + -1*(-2 - -4).
11
What is the remainder when 43 is divided by 3*-1*(-7 + 4)?
7
Let h = -2 - -5. Suppose -w = -2*x + 5 + h, 4 = -2*w + x. Suppose w = -2*p - 2*p + 3*z + 89, -p = 5*z - 51. Calculate the remainder when p is divided by 14.
12
Suppose 4*h + 2*n + 2 + 4 = 0, -4*n - 12 = 0. Suppose 0 = -4*v - 20 - h, -v - 55 = -5*m. Calculate the remainder when 29 is divided by m.
9
Let x be (-1)/4 + (-5)/(-20). Suppose x*c = -c. Suppose 3*v = c, 0*d + 4*d - 3*v = 328. What is the remainder when d is divided by 28?
26
Let l = -71 + 116. What is the remainder when l is divided by 24?
21
Let a be (-33 - -3)*(-4)/10. Let m = 21 - a. Calculate the remainder when 5/(-2)*(-64)/10 is divided by m.
7
Suppose 27 = 12*k - 9*k. Calculate the remainder when 24 is divided by k.
6
Suppose -d + 8 = 3*o - 3*d, 0 = o + 3*d - 10. What is the remainder when 10 is divided by o?
2
Let s = 16 - -5. Calculate the remainder when s is divided by 30/(-20)*(-16)/3.
5
Let t = 71 - 42. Calculate the remainder when t is divided by 5.
4
Suppose 4*h - 134 = -38. Let z = h - -5. Calculate the remainder when 84 is divided by z.
26
Suppose 9 = h + w, 0 = h - 2*h - 4*w. Calculate the remainder when 36 is divided by ((-57)/h)/(3/(-12)).
17
Suppose -4*t = -5*q - 145, 0 = q - 5*q - 4. Let n(u) = 2*u**2 + u + 2. What is the remainder when t is divided by n(2)?
11
Suppose 9 + 11 = 5*v. Let s = 1 + 2. Suppose -l + 0*l = -s*g + 3, -g = -4. Calculate the remainder when l is divided by v.
1
Let k(j) = -j**3 + 2*j**2 + 4*j + 1. Let i be (-6 - -8)*3/2. Let f be k(i). Calculate the remainder when 27 is divided by (-15)/10 - (-66)/f.
12
Let h = -16 - -29. What is the remainder when h is divided by 5?
3
Suppose -p = z - 80, 5*p - 375 - 19 = -2*z. What is the remainder wh